git of h?
8
Let r = -22 + 61. Suppose -2*s = -d + 50, 46 = 2*d - s - r. What is the tens digit of d?
4
Let m = 61 - 53. What is the units digit of 1 - 2 - m*(0 + -12)?
5
Suppose -2*v + 2*g = 128, 130 = -5*v - 3*g - 214. Let y = 34 + v. Let q = y + 38. What is the units digit of q?
5
Suppose 5*z + 17 = -58. Let j = 17 + z. Suppose j*r + 6 = 50. What is the units digit of r?
2
Let h = 812 - -39. What is the hundreds digit of h?
8
Suppose 0*r = -4*r. Let n(i) = 2*i**2 + 4*i - 42. Let y(l) = l**2 + 3*l - 41. Let w(u) = 2*n(u) - 3*y(u). What is the units digit of w(r)?
9
Suppose -21*h + 20*h + 2 = 0. Let j(k) = 3*k**3 - 2*k**2 - k - 2. What is the tens digit of j(h)?
1
Suppose 325 = q + 4*s, -q + 4*s = -216 - 93. What is the tens digit of q?
1
Let w(y) = 3*y**3 - 15*y**2 + 20*y - 89. What is the tens digit of w(10)?
1
Suppose 5*p - 7*o = -9*o + 8876, -2*o = -3*p + 5316. What is the units digit of p?
4
Let c be ((-25)/10)/((-1)/2). Suppose -n = 5*f - 4 - 10, 3*n - 2 = c*f. Suppose -6*k - 18 = -f*t - 4*k, 30 = 3*t - 4*k. What is the units digit of t?
6
Let j be 4 - ((0 - 2) + -30). Let w = j + -30. What is the units digit of 12/(w/2) + 38?
2
Suppose -5*g - 50 = 5*t, -4*t - 35 = -t + 4*g. Suppose a - 5*a = -4*s - 32, 5*a + s = 70. Let u = t + a. What is the units digit of u?
8
Suppose -234*n = -230*n - 3712. What is the tens digit of n?
2
Suppose 6*l = 3*l - 2*c + 10, -4*l - 2 = -5*c. Suppose 94 = 2*o - l*w, 0 = -3*o - w - 43 + 168. What is the tens digit of o?
4
Let s(d) = d**3 + 4*d**2 - d + 2. Suppose k + 9 = -w, 2*w + 16 = 3*w - 4*k. What is the units digit of s(w)?
6
Suppose -3*u = -u - 12. Let k(s) = 8*s - 13. What is the units digit of k(u)?
5
Suppose -5*a + 4*b + 897 = 2*b, -3*b = -a + 169. Let t = a + -44. What is the tens digit of t?
3
Suppose -g + 3*p + 17 = 0, -5*p + 19 = 2*g - 4. Let t(z) = -2 - z**3 - g*z + 2*z**3 - 2 - 6*z**2. What is the units digit of t(8)?
2
Let t(j) = 12*j - 3. Let a be t(-6). Suppose 3*g - 2*g = k + 7, 3*g = -2*k + 1. What is the units digit of (-3 + 2)/(g/a)?
5
Suppose 3*i = -4*j + 20 - 2, -2*j + 20 = -4*i. Let g be (-174)/(-45) - j/(-45). Suppose -k - h + 43 = 3*k, g*k - 4*h = 28. What is the tens digit of k?
1
Suppose 0 = 14*o - 18*o. Suppose j = -4*h - o*j + 182, 3*j = 5*h - 236. What is the units digit of h?
6
Let f be (60 + 1)/((-13)/(-52)). Suppose -l = 5*w - f, -3*w + 721 = 3*l + w. What is the tens digit of l?
3
What is the units digit of (-12 - (-3200 + -8)) + 1/(-1)?
5
Let q(c) = -2*c**3 - 7*c**2 - 6*c - 5. Suppose 0 = 3*j - 5*s + 12, 5*j + 2*s = 1 - 21. What is the tens digit of q(j)?
3
Let a be 0 - (4 - 2) - -2. Suppose -2*g + 62 + 110 = a. Suppose 5*p - g = 94. What is the tens digit of p?
3
Let h = 2463 - 1531. What is the units digit of h?
2
Let d(j) = -j**2 + 11*j - 5. Let i be d(10). Suppose -i*h - 15 = -0. What is the units digit of 39 + (0 - 1) - h?
1
Let t be 102/1 + (-13 - -10). Let q = t - 49. Suppose 4*g + q = 5*g. What is the units digit of g?
0
Suppose u + 2*b + 7 = 0, -2*u - 36 = -5*b + 14. What is the hundreds digit of (-30)/u - (-147 - 0)?
1
Suppose 4*d = -3*q + q + 16, d - 2*q = 4. What is the units digit of d?
4
Let z = 247 + -107. Let u = 272 - z. What is the hundreds digit of u?
1
Suppose -2*b = 5*t - 2615, -2092 = -4*t - 9*b + 4*b. What is the units digit of t?
3
Suppose -4*y + 9 = -y. Let a be (y + -2)*(5 + 1). Let m(i) = 2*i + 8. What is the tens digit of m(a)?
2
Let o(a) = 7*a**2 - 4*a + 5*a - 2*a - a**3 - 2*a - 2. What is the units digit of o(5)?
3
What is the hundreds digit of (-8)/(-10)*(2735 + 45)?
2
What is the tens digit of (-93654)/(-143) + 2/26?
5
What is the tens digit of ((-126)/36)/((-2)/128)?
2
Let v = 50 + -121. Let r = v + 131. What is the tens digit of r?
6
Suppose -3*t = -5*p + 2 + 8, 5*p - 2*t = 10. Suppose -a + 3*w = -p*w - 40, -3*a + 142 = -4*w. Suppose -6*v + a = -v. What is the tens digit of v?
1
Let v = 667 - 962. Let f = v - -472. What is the hundreds digit of f?
1
Suppose 8*n - 3*n - 2*s - 15040 = 0, 2*n - 4*s = 6032. What is the units digit of n?
6
Suppose 4*r + 3 = -29. Let m = 13 + r. Let o(y) = 7*y. What is the tens digit of o(m)?
3
Let w(i) be the first derivative of -i**3/3 - 21*i**2/2 - 3*i - 24. What is the units digit of w(-18)?
1
Suppose 3*m = -3*m + 18. Suppose -2 = m*z - 23. Let a = z - -7. What is the tens digit of a?
1
Let z(x) be the third derivative of -x**5/60 - 5*x**4/12 + 4*x**3/3 - 5*x**2. Suppose 6*f - f + 5*u = -45, -2*f - 17 = u. What is the units digit of z(f)?
4
Let h(c) = -4*c**3 - 4*c**2 - 4*c - 11. What is the tens digit of h(-4)?
9
Let a(s) = -42*s + 10. Let t be a(-17). Suppose -896 = -5*m + 2*l, -2*m = -6*m + 4*l + t. What is the units digit of m?
8
Let x = -175 - -1160. What is the units digit of x?
5
Let c(g) = -g**3 - 13*g**2 - 13*g - 40. What is the units digit of c(-13)?
9
Suppose 0*p - 194 = -2*p - 5*l, 0 = -4*p + 2*l + 412. What is the units digit of p?
2
Suppose -184 = -7*x - 2. Let c = 11 + x. What is the tens digit of c?
3
Let w be -3*(-2 + (-429)/9). Suppose 5*s - 41 = w. Suppose 4*u - 2*u - s = 0. What is the units digit of u?
9
Suppose 68*f - 186546 = 2970. What is the hundreds digit of f?
7
Suppose 0 = -3*j + 1243 - 178. Suppose 5*a + 0*p = 5*p + j, -4*p - 360 = -5*a. What is the tens digit of a?
7
Let r(t) = -2*t**3 + 33*t**2 - 82*t + 6. What is the hundreds digit of r(13)?
1
Let z(p) = -p**2 - 6*p + 4. Let t be (-6)/14 + (-390)/70. Let r be z(t). Let n(v) = 4*v**2 + 2*v + 4. What is the tens digit of n(r)?
7
Let d(k) = 8*k**2 + 19*k - 10. What is the thousands digit of d(14)?
1
Suppose 4*t + 96 = -4. Let u = t + 31. What is the units digit of u?
6
Let r(g) = 8*g**3 + 8*g**2 - 9*g + 4. What is the units digit of r(6)?
6
Let f = 13 + -9. What is the units digit of -1 - (-29 - f/(16/(-12)))?
5
Let t(f) = -f**2 + 14*f + 15. Suppose -h - 77 = -8*h. What is the units digit of t(h)?
8
Let d = -42 + 285. Let b = 387 - d. What is the hundreds digit of b?
1
Let k(u) = -u**3 + 6*u**2 - u + 8. Let p(a) = a**2 - a + 6. Let z be p(0). Let m be k(z). Suppose m*f - 6 = -f. What is the units digit of f?
2
Suppose 3*w - 1788 - 15 = 0. Let z = 860 - w. What is the units digit of z?
9
Let b = -728 + 1282. What is the units digit of b?
4
Suppose 5*b = l - 41, 4*l = -b + l - 21. Let r(p) = p**2 + 10*p - 11. Let x be r(b). What is the units digit of (100/3)/(x/(-30))?
0
Let z(g) = g**2 - 9*g. Let f be z(7). Let x(h) = -4*h - 14. What is the units digit of x(f)?
2
Suppose -4*x = 4*t - 476, 0 = x + 2*x - 12. Suppose -2*b - i + 37 = 0, b + 4*b - 2*i = t. What is the tens digit of b?
2
What is the tens digit of (9 + 44)*(-2 - -7)?
6
Let w(r) = 3*r**2 + 42. Let u(y) = y**3 + 22*y**2 - 24*y - 15. Let f be u(-23). What is the hundreds digit of w(f)?
2
Let a(o) = 3 + 48 - 7*o - 14*o. What is the tens digit of a(-9)?
4
Let x(j) = 30*j - 16. Let b be x(5). What is the tens digit of -6 + b - (-1 + -2)?
3
Suppose -30*i - 14*i + 88704 = 0. What is the thousands digit of i?
2
Let i(l) = -39*l + 3. Let a be i(1). Let h be 2/(109/a - -3). Let p = -42 - h. What is the tens digit of p?
3
Suppose 3*x + 4*i - 3671 = 0, -5*i - 369 = -x + 861. What is the hundreds digit of x?
2
Suppose -4*p + 2*p + 604 = 0. Suppose -5*s = -3*d - p, -d - 4 = -0*d. What is the tens digit of s?
5
Let n(c) = -42*c + 3. Let h be 1*((-6)/(-15))/(5/(-25)). What is the units digit of n(h)?
7
Suppose -5*i = -2*q, i = 4*q - 3*i - 12. Suppose q*j = j + 528. What is the tens digit of j?
3
Let t be (3/2 - 1) + (-6020)/(-56). Suppose t = 2*v - i - 0*i, 0 = -v - 5*i + 43. What is the tens digit of v?
5
Suppose 2*s + 4306 = 4*i, 3*i + 5*s = -1255 + 4478. What is the hundreds digit of i?
0
Suppose 5*k - 149 - 30 = 3*f, 5*k + 5*f - 195 = 0. Suppose k = c - 6. What is the tens digit of (-3)/(-3) + c + 2?
4
Let r = 13 + 5. Suppose -4*f = -f - r. Suppose f*k - 2*k - 4 = 0. What is the units digit of k?
1
Let a = -1 + 11. Let h = a + 31. What is the units digit of h?
1
Let c(s) = 5*s**3 - 6*s + 4. Let r(z) = -5*z**2 + 6*z**2 + 2*z**3 - z + 0 + 0. Let o be r(1). What is the tens digit of c(o)?
3
Suppose -17*x + 38001 = 14541. What is the units digit of x?
0
What is the units digit of (-1 - 452)/(48/(-32))?
2
Let s be (-166)/(-1*(-5)/(-15)). Let f = s - 262. What is the units digit of f?
